
What is the ten millions digit of 13354875?
1
What is the tens digit of 619991?
9
What is the thousands digit of 1415655?
5
What is the ten thousands digit of 488712?
8
What is the units digit of 47466?
6
What is the hundred thousands digit of 828518?
8
What is the hundred thousands digit of 106747?
1
What is the ten thousands digit of 1952813?
5
What is the hundred thousands digit of 10368535?
3
What is the tens digit of 255307?
0
What is the tens digit of 3142?
4
What is the millions digit of 1198319?
1
What is the ten millions digit of 14199448?
1
What is the units digit of 85423?
3
What is the thousands digit of 238582?
8
What is the tens digit of 6916884?
8
What is the ten thousands digit of 753613?
5
What is the ten thousands digit of 2967338?
6
What is the ten thousands digit of 412100?
1
What is the ten thousands digit of 1627492?
2
What is the units digit of 697860?
0
What is the thousands digit of 5739109?
9
What is the hundred thousands digit of 750612?
7
What is the hundreds digit of 167963?
9
What is the tens digit of 21125706?
0
What is the thousands digit of 1584112?
4
What is the tens digit of 435209?
0
What is the ten thousands digit of 13170887?
7
What is the ten millions digit of 13508013?
1
What is the millions digit of 10140408?
0
What is the thousands digit of 2118406?
8
What is the thousands digit of 4024803?
4
What is the millions digit of 3760192?
3
What is the tens digit of 483323?
2
What is the hundreds digit of 1612296?
2
What is the tens digit of 16621625?
2
What is the ten thousands digit of 1151488?
5
What is the hundred thousands digit of 623370?
6
What is the hundred thousands digit of 268347?
2
What is the thousands digit of 566638?
6
What is the thousands digit of 738707?
8
What is the units digit of 1370220?
0
What is the tens digit of 626959?
5
What is the tens digit of 3286523?
2
What is the hundred thousands digit of 167491?
1
What is the units digit of 1079905?
5
What is the units digit of 309731?
1
What is the tens digit of 294081?
8
What is the hundred thousands digit of 102655?
1
What is the units digit of 48794?
4
What is the units digit of 2995556?
6
What is the ten thousands digit of 73812?
7
What is the hundred thousands digit of 3805516?
8
What is the tens digit of 93645?
4
What is the hundreds digit of 1618424?
4
What is the millions digit of 3113415?
3
What is the hundred thousands digit of 1539044?
5
What is the thousands digit of 9858002?
8
What is the hundred thousands digit of 345250?
3
What is the hundreds digit of 117925?
9
What is the hundreds digit of 18730952?
9
What is the hundred thousands digit of 846980?
8
What is the hundreds digit of 408867?
8
What is the units digit of 1353655?
5
What is the millions digit of 1114972?
1
What is the thousands digit of 989464?
9
What is the hundreds digit of 906920?
9
What is the hundreds digit of 1579829?
8
What is the ten thousands digit of 321769?
2
What is the hundreds digit of 661720?
7
What is the thousands digit of 117030?
7
What is the hundred thousands digit of 2248760?
2
What is the thousands digit of 333315?
3
What is the hundred thousands digit of 4872375?
8
What is the units digit of 670579?
9
What is the thousands digit of 3993815?
3
What is the hundred thousands digit of 2191588?
1
What is the hundreds digit of 3434611?
6
What is the units digit of 1841525?
5
What is the hundreds digit of 535282?
2
What is the hundred thousands digit of 356210?
3
What is the millions digit of 1306824?
1
What is the hundred thousands digit of 16486056?
4
What is the tens digit of 9687848?
4
What is the units digit of 1238761?
1
What is the units digit of 285794?
4
What is the units digit of 150964?
4
What is the hundred thousands digit of 6552676?
5
What is the ten thousands digit of 3384694?
8
What is the thousands digit of 322321?
2
What is the ten thousands digit of 236381?
3
What is the hundreds digit of 694151?
1
What is the ten thousands digit of 8779469?
7
What is the thousands digit of 222414?
2
What is the ten thousands digit of 746545?
4
What is the hundreds digit of 479561?
5
What is the units digit of 265177?
7
What is the tens digit of 990429?
2
What is the hundreds digit of 3961777?
7
What is the millions digit of 10192343?
0
What is the ten thousands digit of 1389211?
8
What is the hundred thousands digit of 225515?
2
What is the ten thousands digit of 922889?
2
What is the tens digit of 697165?
6
What is the tens digit of 69792?
9
What is the ten thousands digit of 1422160?
2
What is the units digit of 369276?
6
What is the hundred thousands digit of 308526?
3
What is the thousands digit of 8346705?
6
What is the hundreds digit of 1292283?
2
What is the thousands digit of 378018?
8
What is the thousands digit of 1318454?
8
What is the hundred thousands digit of 4331919?
3
What is the units digit of 51002?
2
What is the millions digit of 4435527?
4
What is the hundreds digit of 4403872?
8
What is the hundred thousands digit of 975831?
9
What is the units digit of 444646?
6
What is the units digit of 529976?
6
What is the thousands digit of 270818?
0
What is the hundreds digit of 63951?
9
What is the hundred thousands digit of 2676161?
6
What is the tens digit of 698774?
7
What is the hundred thousands digit of 158528?
1
What is the ten thousands digit of 224361?
2
What is the ten thousands digit of 124756?
2
What is the ten thousands digit of 895157?
9
What is the hundreds digit of 29408?
4
What is the millions digit of 18411808?
8
What is the thousands digit of 203172?
3
What is the tens digit of 461712?
1
What is the units digit of 26077235?
5
What is the hundred thousands digit of 153740?
1
What is the hundreds digit of 2751528?
5
What is the ten thousands digit of 361583?
6
What is the hundred thousands digit of 445256?
4
What is the units digit of 724735?
5
What is the millions digit of 12019369?
2
What is the units digit of 5717634?
4
What is the hundreds digit of 2696513?
5
What is the thousands digit of 2534913?
4
What is the tens digit of 666748?
4
What is the hundreds digit of 3083415?
4
What is the thousands digit of 11917041?
7
What is the ten thousands digit of 268597?
6
What is the hundred thousands digit of 4180087?
1
What is the millions digit of 1590449?
1
What is the thousands digit of 29715239?
5
What is the millions digit of 3975032?
3
What is the hundred thousands digit of 4165396?
1
What is the hundreds digit of 273775?
7
What is the ten thousands digit of 231177?
3
What is the hundreds digit of 358493?
4
What is the hundreds digit of 829131?
1
What is the tens digit of 354124?
2
What is the thousands digit of 257854?
7
What is the millions digit of 7937907?
7
What is the units digit of 78206?
6
What is the hundred thousands digit of 355344?
3
What is the tens digit of 23240673?
7
What is the thousands digit of 1185863?
5
What is the hundred thousands digit of 13950924?
9
What is the thousands digit of 126352?
6
What is the ten thousands digit of 2560117?
6
What is the ten thousands digit of 5026218?
2
What is the tens digit of 40787769?
6
What is the tens digit of 4249755?
5
What is the ten thousands digit of 1349533?
4
What is the ten thousands digit of 7426441?
2
What is the thousands digit of 216824?
6
What is the ten millions digit of 17686429?
1
What is the ten thousands digit of 153159?
5
What is the thousands digit of 15256894?
6
What is the ten thousands digit of 539144?
3
What is the tens digit of 19481198?
9
What is the thousands digit of 13385827?
5
What is the millions digit of 1965826?
1
What is the thousands digit of 10820309?
0
What is the hundreds digit of 161830?
8
What is the tens digit of 64709?
0
What is the thousands digit of 9805317?
5
What is the ten thousands digit of 8746971?
4
What is the units digit of 5335301?
1
What is the hundreds digit of 3224401?
4
What is the tens digit of 518409?
0
What is the hundred thousands digit of 277863?
2
What is the ten thousands digit of 101523?
0
What is the ten thousands digit of 4069748?
6
What is the ten thousands digit of 3111486?
1
What is the hundred thousands digit of 773473?
7
What is the hundreds digit of 910074?
0
What is the hundreds digit of 126410?
4
What is the hundred thousands digit of 3657445?
6
What is the units digit of 1352721